r of 493 and 17.
17
Calculate the highest common divisor of 96 and 34.
2
What is the greatest common divisor of 4886 and 308?
14
Calculate the highest common divisor of 8 and 6.
2
Calculate the highest common divisor of 51 and 12.
3
What is the greatest common divisor of 154 and 56?
14
What is the highest common factor of 175 and 3080?
35
What is the greatest common divisor of 1480 and 290?
10
What is the greatest common divisor of 5 and 180?
5
Calculate the highest common divisor of 38 and 494.
38
What is the highest common factor of 132 and 330?
66
Calculate the greatest common divisor of 696 and 1080.
24
Calculate the greatest common factor of 11935 and 22.
11
Calculate the greatest common divisor of 15864 and 72.
24
Calculate the highest common divisor of 7 and 35.
7
What is the highest common factor of 338 and 6253?
169
Calculate the greatest common factor of 27 and 1.
1
Calculate the greatest common factor of 432 and 16.
16
What is the highest common divisor of 132 and 2838?
66
Calculate the highest common factor of 71131 and 83.
83
Calculate the greatest common factor of 481 and 259.
37
Calculate the highest common factor of 475 and 133.
19
Calculate the greatest common divisor of 4 and 3.
1
Calculate the highest common factor of 390 and 3660.
30
What is the highest common divisor of 11 and 44?
11
Calculate the highest common divisor of 45 and 585.
45
What is the greatest common divisor of 6 and 534?
6
Calculate the greatest common factor of 8666 and 224.
14
What is the highest common divisor of 24 and 1356?
12
Calculate the highest common factor of 92 and 2300.
92
What is the greatest common factor of 20 and 2980?
20
Calculate the highest common factor of 99 and 5247.
99
What is the highest common divisor of 4081 and 55?
11
What is the greatest common divisor of 39 and 3?
3
Calculate the highest common factor of 24 and 588.
12
Calculate the highest common factor of 26 and 14.
2
Calculate the greatest common divisor of 209 and 22.
11
Calculate the greatest common factor of 1072 and 938.
134
Calculate the greatest common factor of 5934 and 18.
6
What is the highest common divisor of 527 and 119?
17
What is the highest common divisor of 780 and 12220?
260
What is the highest common divisor of 9841 and 13?
13
Calculate the highest common factor of 925 and 481.
37
What is the greatest common factor of 336 and 18?
6
What is the greatest common divisor of 294 and 672?
42
What is the highest common divisor of 76 and 14060?
76
Calculate the highest common factor of 30 and 1770.
30
What is the greatest common factor of 8685 and 30?
15
What is the greatest common factor of 35 and 185?
5
Calculate the highest common divisor of 23 and 621.
23
What is the highest common factor of 762 and 6?
6
What is the highest common divisor of 105 and 30?
15
What is the greatest common factor of 132 and 1356?
12
What is the highest common divisor of 15414 and 210?
42
Calculate the greatest common factor of 70 and 860.
10
Calculate the greatest common factor of 86 and 22.
2
Calculate the greatest common divisor of 18 and 504.
18
Calculate the greatest common factor of 44 and 44.
44
Calculate the greatest common factor of 96 and 1968.
48
What is the greatest common divisor of 10500 and 147?
21
What is the highest common divisor of 1 and 43?
1
What is the greatest common factor of 10928 and 48?
16
What is the greatest common divisor of 2937 and 5073?
267
What is the highest common factor of 217 and 56?
7
Calculate the highest common factor of 381 and 3.
3
What is the greatest common divisor of 3914 and 2781?
103
Calculate the highest common divisor of 2727 and 505.
101
Calculate the highest common divisor of 144 and 3312.
144
Calculate the highest common factor of 6642 and 984.
246
Calculate the greatest common divisor of 152 and 646.
38
Calculate the highest common factor of 217 and 2263.
31
Calculate the greatest common factor of 3 and 1923.
3
What is the highest common divisor of 35 and 175?
35
What is the highest common divisor of 15487 and 85?
17
Calculate the greatest common divisor of 1344 and 63.
21
Calculate the greatest common factor of 176 and 8.
8
What is the greatest common divisor of 1909 and 249?
83
What is the highest common factor of 29 and 7?
1
What is the greatest common factor of 268 and 7303?
67
What is the highest common factor of 88 and 11?
11
What is the greatest common factor of 12380 and 100?
20
Calculate the highest common factor of 1152 and 126.
18
Calculate the highest common factor of 826 and 154.
14
What is the highest common factor of 2394 and 4522?
266
What is the highest common divisor of 273 and 3731?
91
Calculate the highest common divisor of 18 and 4392.
18
Calculate the greatest common factor of 357 and 210.
21
What is the greatest common factor of 190 and 30?
10
What is the highest common factor of 56 and 6790?
14
What is the highest common factor of 101 and 3131?
101
What is the greatest common factor of 4526 and 62?
62
Calculate the highest common factor of 775 and 1240.
155
Calculate the highest common divisor of 14 and 4.
2
Calculate the greatest common divisor of 63 and 2493.
9
What is the highest common divisor of 5729 and 34?
17
What is the highest common factor of 80 and 120?
40
Calculate the greatest common factor of 238 and 7378.
238
What is the highest common divisor of 51 and 30?
3
What is the greatest common divisor of 2050 and 200?
50
What is the greatest common factor of 704 and 1628?
44
What is the greatest common factor of 2368 and 37?
37
Calculate the highest common factor of 297 and 33.
33
What is the highest common factor of 169 and 26?
13
Calculate the greatest common divisor of 2100 and 168.
84
What is the highest common divisor of 63 and 2709?
63
What is the highest common divisor of 4 and 108?
4
What is the highest common divisor of 357 and 21?
21
Calculate the highest common factor of 413 and 4307.
59
What is the highest common factor of 136 and 128?
8
Calculate the highest common divisor of 729 and 162.
81
Calculate the highest common factor of 51 and 255.
51
What is the greatest common divisor of 1 and 32?
1
Calculate the highest common divisor of 8311 and 1.
1
What is the highest common divisor of 203 and 87?
29
Calculate the greatest common factor of 1 and 107.
1
Calculate the highest common divisor of 104 and 4563.
13
Calculate the greatest common factor of 1691 and 801.
89
Calculate the greatest common divisor of 143 and 52.
13
Calculate the greatest common factor of 40 and 268.
4
Calculate the greatest common divisor of 3103 and 261.
29
What is the greatest common divisor of 80 and 184?
8
What is the highest common divisor of 70 and 100?
10
What is the highest common divisor of 273 and 49?
7
Calculate the greatest common factor of 20364 and 48.
12
Calculate the greatest common divisor of 99 and 3971.
11
What is the greatest common divisor of 212 and 53?
53
What is the greatest common divisor of 45 and 18?
9
What is the highest common divisor of 1206 and 72?
18
Calculate the greatest common divisor of 20 and 6440.
20
What is the highest common factor of 294 and 651?
21
Calculate the greatest common factor of 5291 and 143.
143
What is the highest common factor of 534 and 6?
6
Calculate the greatest common divisor of 368 and 4768.
16
What is the greatest common factor of 1 and 109?
1
Calculate the greatest common factor of 78 and 2166.
6
Calculate the highest common factor of 5740 and 140.
140
What is the highest common divisor of 112 and 80?
16
Calculate the greatest common factor of 15 and 7995.
15
What is the greatest common factor of 1079 and 13?
13
What is the highest common divisor of 638 and 22?
22
Calculate the greatest common divisor of 34 and 1054.
34
What is the greatest common divisor of 441 and 63?
63
What is the highest common divisor of 3 and 1083?
3
Calculate the highest common divisor of 36456 and 1116.
372
What is the greatest common divisor of 3668 and 476?
28
Calculate the greatest common divisor of 733 and 2.
1
What is the greatest common factor of 576 and 108?
36
Calculate the greatest common divisor of 132 and 2706.
66
What is the highest common divisor of 792 and 54?
18
What is the greatest common factor of 12 and 196?
4
Calculate the greatest common divisor of 268 and 1